{"id":102,"date":"2024-12-11T17:07:03","date_gmt":"2024-12-11T17:07:03","guid":{"rendered":"https:\/\/habibi-plush.de\/?page_id=102"},"modified":"2025-01-28T23:05:19","modified_gmt":"2025-01-28T23:05:19","slug":"ueber-uns","status":"publish","type":"page","link":"https:\/\/habibi-plush.de\/?page_id=102","title":{"rendered":"\u00dcber uns"},"content":{"rendered":"\t\t<div data-elementor-type=\"wp-page\" data-elementor-id=\"102\" class=\"elementor elementor-102\" data-elementor-post-type=\"page\">\n\t\t\t\t<div class=\"elementor-element elementor-element-363f3ed e-flex e-con-boxed e-con e-parent\" data-id=\"363f3ed\" data-element_type=\"container\" data-e-type=\"container\">\n\t\t\t\t\t<div class=\"e-con-inner\">\n\t\t<div class=\"elementor-element elementor-element-ae09362 e-con-full e-flex e-con e-child\" data-id=\"ae09362\" data-element_type=\"container\" data-e-type=\"container\">\n\t\t\t\t<div class=\"elementor-element elementor-element-6e8883e elementor-widget elementor-widget-image\" data-id=\"6e8883e\" data-element_type=\"widget\" data-e-type=\"widget\" data-widget_type=\"image.default\">\n\t\t\t\t<div class=\"elementor-widget-container\">\n\t\t\t\t\t\t\t\t\t\t\t\t\t\t\t<img loading=\"lazy\" decoding=\"async\" width=\"680\" height=\"680\" src=\"https:\/\/habibi-plush.de\/wp-content\/uploads\/2024\/12\/Single_Ueber_Uns_Norbert_Roland_Quadratisch.jpg\" class=\"attachment-large size-large wp-image-323\" alt=\"\" srcset=\"https:\/\/habibi-plush.de\/wp-content\/uploads\/2024\/12\/Single_Ueber_Uns_Norbert_Roland_Quadratisch.jpg 680w, https:\/\/habibi-plush.de\/wp-content\/uploads\/2024\/12\/Single_Ueber_Uns_Norbert_Roland_Quadratisch-300x300.jpg 300w, https:\/\/habibi-plush.de\/wp-content\/uploads\/2024\/12\/Single_Ueber_Uns_Norbert_Roland_Quadratisch-150x150.jpg 150w\" sizes=\"auto, (max-width: 680px) 100vw, 680px\" \/>\t\t\t\t\t\t\t\t\t\t\t\t\t\t\t<\/div>\n\t\t\t\t<\/div>\n\t\t\t\t<\/div>\n\t\t<div class=\"elementor-element elementor-element-5b588b3 e-con-full e-flex e-con e-child\" data-id=\"5b588b3\" data-element_type=\"container\" data-e-type=\"container\">\n\t\t\t\t<div class=\"elementor-element elementor-element-d46bd3c elementor-widget elementor-widget-heading\" data-id=\"d46bd3c\" data-element_type=\"widget\" data-e-type=\"widget\" data-widget_type=\"heading.default\">\n\t\t\t\t<div class=\"elementor-widget-container\">\n\t\t\t\t\t<h2 class=\"elementor-heading-title elementor-size-default\">die inhaber<\/h2>\t\t\t\t<\/div>\n\t\t\t\t<\/div>\n\t\t\t\t<div class=\"elementor-element elementor-element-b6b9ac7 elementor-widget elementor-widget-text-editor\" data-id=\"b6b9ac7\" data-element_type=\"widget\" data-e-type=\"widget\" data-widget_type=\"text-editor.default\">\n\t\t\t\t<div class=\"elementor-widget-container\">\n\t\t\t\t\t\t\t\t\t<p class=\"p1\">Hinter Habibi Plush stehen Norbert und Roland &#8211; zwei Freunde die ihre gemeinsame Leidenschaft erfolgreich zum Beruf gemacht haben. Sie haben die Vision, Kuscheltiere herzustellen, die W\u00e4rme und Wohlbefinden f\u00fcr Jedermann spenden. Norbert bringt seine jahrelange Erfahrung im Online-Handel und der Produktentwicklung ein, w\u00e4hrend Roland als vielseitiger Unternehmer beratend agiert und neue Standards setzt. Gemeinsam vereinen sie Kreativit\u00e4t und Verantwortungsbewusstsein, um einzigartige Produkte zu schaffen, die Herzen erw\u00e4rmen.<\/p>\t\t\t\t\t\t\t\t<\/div>\n\t\t\t\t<\/div>\n\t\t\t\t<\/div>\n\t\t\t\t\t<\/div>\n\t\t\t\t<\/div>\n\t\t<div class=\"elementor-element elementor-element-603f17d e-flex e-con-boxed e-con e-parent\" data-id=\"603f17d\" data-element_type=\"container\" data-e-type=\"container\">\n\t\t\t\t\t<div class=\"e-con-inner\">\n\t\t<div class=\"elementor-element elementor-element-45a5048 e-con-full e-flex e-con e-child\" data-id=\"45a5048\" data-element_type=\"container\" data-e-type=\"container\">\n\t\t\t\t<div class=\"elementor-element elementor-element-27bdd00 elementor-widget elementor-widget-heading\" data-id=\"27bdd00\" data-element_type=\"widget\" data-e-type=\"widget\" data-widget_type=\"heading.default\">\n\t\t\t\t<div class=\"elementor-widget-container\">\n\t\t\t\t\t<h2 class=\"elementor-heading-title elementor-size-default\">das team<\/h2>\t\t\t\t<\/div>\n\t\t\t\t<\/div>\n\t\t\t\t<div class=\"elementor-element elementor-element-938167e elementor-widget elementor-widget-text-editor\" data-id=\"938167e\" data-element_type=\"widget\" data-e-type=\"widget\" data-widget_type=\"text-editor.default\">\n\t\t\t\t<div class=\"elementor-widget-container\">\n\t\t\t\t\t\t\t\t\t<p class=\"p1\">Hinter jedem unserer W\u00e4rmekuscheltiere steht ein engagiertes Team von kreativen K\u00f6pfen, die mit Herz und Verstand an jedem Detail arbeiten. Von der ersten Idee bis zum fertigen Produkt bringt unser Team Fachwissen aus den Bereichen Design, Vertrieb und Qualit\u00e4tskontrolle zusammen. Mit dem gemeinsamen Ziel &#8211; h\u00f6chste Qualit\u00e4t, Nachhaltigkeit und Kundenzufriedenheit sicher zu stellen &#8211; geben wir jeden Tag unser Bestes. Unsere Teammitglieder sind Menschen mit Visionen und einem Blick f\u00fcrs Wesentliche. Ihre Begeisterung f\u00fcr kreative L\u00f6sungen und ihre Leidenschaft spiegeln sich in jedem unserer Produkte wider.<\/p>\t\t\t\t\t\t\t\t<\/div>\n\t\t\t\t<\/div>\n\t\t\t\t<\/div>\n\t\t<div class=\"elementor-element elementor-element-6c9865b e-con-full e-flex e-con e-child\" data-id=\"6c9865b\" data-element_type=\"container\" data-e-type=\"container\">\n\t\t\t\t<div class=\"elementor-element elementor-element-f9034a0 elementor-widget elementor-widget-image\" data-id=\"f9034a0\" data-element_type=\"widget\" data-e-type=\"widget\" data-widget_type=\"image.default\">\n\t\t\t\t<div class=\"elementor-widget-container\">\n\t\t\t\t\t\t\t\t\t\t\t\t\t\t\t<img loading=\"lazy\" decoding=\"async\" width=\"680\" height=\"680\" src=\"https:\/\/habibi-plush.de\/wp-content\/uploads\/2024\/12\/Single_Ueber_Uns_Team_Quadratisch.jpg\" class=\"attachment-large size-large wp-image-327\" alt=\"\" srcset=\"https:\/\/habibi-plush.de\/wp-content\/uploads\/2024\/12\/Single_Ueber_Uns_Team_Quadratisch.jpg 680w, https:\/\/habibi-plush.de\/wp-content\/uploads\/2024\/12\/Single_Ueber_Uns_Team_Quadratisch-300x300.jpg 300w, https:\/\/habibi-plush.de\/wp-content\/uploads\/2024\/12\/Single_Ueber_Uns_Team_Quadratisch-150x150.jpg 150w\" sizes=\"auto, (max-width: 680px) 100vw, 680px\" \/>\t\t\t\t\t\t\t\t\t\t\t\t\t\t\t<\/div>\n\t\t\t\t<\/div>\n\t\t\t\t<\/div>\n\t\t\t\t\t<\/div>\n\t\t\t\t<\/div>\n\t\t\t\t<\/div>\n\t\t","protected":false},"excerpt":{"rendered":"<p>die inhaber Hinter Habibi Plush stehen Norbert und Roland &#8211; zwei Freunde die ihre gemeinsame Leidenschaft erfolgreich zum Beruf gemacht haben. Sie haben die Vision, Kuscheltiere herzustellen, die W\u00e4rme und Wohlbefinden f\u00fcr Jedermann spenden. Norbert bringt seine jahrelange Erfahrung im Online-Handel und der Produktentwicklung ein, w\u00e4hrend Roland als vielseitiger Unternehmer beratend agiert und neue Standards [&hellip;]<\/p>\n","protected":false},"author":4,"featured_media":0,"parent":0,"menu_order":0,"comment_status":"closed","ping_status":"closed","template":"","meta":{"_acf_changed":false,"iawp_total_views":2007,"footnotes":""},"class_list":["post-102","page","type-page","status-publish","hentry"],"acf":[],"_links":{"self":[{"href":"https:\/\/habibi-plush.de\/index.php?rest_route=\/wp\/v2\/pages\/102","targetHints":{"allow":["GET"]}}],"collection":[{"href":"https:\/\/habibi-plush.de\/index.php?rest_route=\/wp\/v2\/pages"}],"about":[{"href":"https:\/\/habibi-plush.de\/index.php?rest_route=\/wp\/v2\/types\/page"}],"author":[{"embeddable":true,"href":"https:\/\/habibi-plush.de\/index.php?rest_route=\/wp\/v2\/users\/4"}],"replies":[{"embeddable":true,"href":"https:\/\/habibi-plush.de\/index.php?rest_route=%2Fwp%2Fv2%2Fcomments&post=102"}],"version-history":[{"count":51,"href":"https:\/\/habibi-plush.de\/index.php?rest_route=\/wp\/v2\/pages\/102\/revisions"}],"predecessor-version":[{"id":708,"href":"https:\/\/habibi-plush.de\/index.php?rest_route=\/wp\/v2\/pages\/102\/revisions\/708"}],"wp:attachment":[{"href":"https:\/\/habibi-plush.de\/index.php?rest_route=%2Fwp%2Fv2%2Fmedia&parent=102"}],"curies":[{"name":"wp","href":"https:\/\/api.w.org\/{rel}","templated":true}]}}